 is the remainder when (-279)/p + (-2)/(-4) is divided by x?
15
Suppose 0 = 2*m + 42 + 58. What is the remainder when m/15*42/(-4) is divided by 9?
8
Let y = -2 + 6. Suppose y*z = 5*g + 10, 8 = -4*g - 2*z + 4*z. Let k = g - -10. What is the remainder when 22 is divided by k?
6
Let f(q) = -61*q**3 - q**2 + 2*q. Let b be f(-2). What is the remainder when b/22 - 4/(-22) is divided by 8?
6
Let n(q) = -8*q. Let f be n(1). Let r(i) = i**2 + 8*i + 11. What is the remainder when 41 is divided by r(f)?
8
Suppose 2*b - 3*h = -5*h + 30, -6 = -b + 2*h. Let s(a) = 57*a**2 - a + 1. Let p be s(1). Let n = p - 22. Calculate the remainder when n is divided by b.
11
Let d = -5 + 16. Calculate the remainder when 39 is divided by d.
6
Suppose 5*d + 240 = 5*z, 3*z + 5*d - d = 130. What is the remainder when (z/(-4))/(8/(-32)) is divided by 12?
10
Suppose 5*l - l = 140. Suppose l = 2*k - 69. What is the remainder when k is divided by 18?
16
Let q(t) = -t**2 + 16*t + 1. What is the remainder when 79 is divided by q(15)?
15
Suppose d = 7 + 51. Let r = 86 - d. What is the remainder when r is divided by 5?
3
Suppose -1 = 4*j + 11. Let i(b) = b**2 + b + 1. What is the remainder when i(j) is divided by 3?
1
Suppose 4*h + s = 4*s + 32, -h + 9 = -s. Suppose -4*b - 46 = 5*j, -3*j - 33 = -b - 2*b. Let d = 23 + j. What is the remainder when d is divided by h?
3
Calculate the remainder when 27 is divided by ((-14)/(-4))/(2/4).
6
Suppose 91*d - 89*d = 38. What is the remainder when 109 is divided by d?
14
Let b(p) = p**3 - 2*p**2 - 2*p. Calculate the remainder when b(3) is divided by ((-1)/(-3))/(3/18).
1
What is the remainder when 11 is divided by 32/6 - 20/(-30)?
5
Let y be -1*((-2)/(-1) + -7). Suppose -5*o - 3*k = -92 - 7, -115 = -5*o + y*k. What is the remainder when o is divided by 11?
10
Let p(f) = -f**3 - 10*f**2 - 27*f - 2. Calculate the remainder when 78 is divided by p(-6).
14
Let j = 310 - 173. Suppose -j = -2*p - d, -p + 3*d = p - 149. What is the remainder when p is divided by 24?
22
Let j = -17 + 6. Suppose -2*g + v - 5 = -28, g - 2*v - 16 = 0. Let q = g - j. What is the remainder when 40 is divided by q?
19
Let f = -14 + 5. Let t = f - -89. Suppose t = 6*g - g. Calculate the remainder when g is divided by 9.
7
Let t = -1 + 6. Let u(s) be the first derivative of -s**3/3 + 9*s**2/2 - 9*s - 2. Calculate the remainder when u(6) is divided by t.
4
Let t(l) = 7*l**2 - 7*l + 10. What is the remainder when t(2) is divided by 14?
10
Let t = -30 - -46. Suppose -h - h - 5*f - 69 = 0, 5*h + 85 = 5*f. Let j = -16 - h. Calculate the remainder when t is divided by j.
4
Suppose 5*m + 10 = 0, -5*w + 3*m + 205 = 8*m. What is the remainder when w is divided by 11?
10
Suppose 5*a - 4*s = 118, -6*s = -4*a - 3*s + 94. Calculate the remainder when 65 is divided by a.
21
Let y = 76 - -41. Let d = 184 - y. Let q = d - 43. Calculate the remainder when 70 is divided by q.
22
Suppose -8 - 22 = 5*h. Let g = h - 3. Let y = 16 + g. What is the remainder when 19 is divided by y?
5
Let h = 39 - 22. Let s = h + -12. What is the remainder when s is divided by 3?
2
Let t be (0/3)/(2 - 4). Suppose t = -2*b - 2 + 8. Calculate the remainder when 10 is divided by b.
1
Let g(w) = w**2 - 4*w + 2. Let x be 2/4 + 5/(-10). Suppose 3*l + 7 = -4*s, x = 4*l + l - 3*s - 27. What is the remainder when l is divided by g(4)?
1
Let f be (-2)/(-11) - 371/(-77). Suppose 0 = n - 2, -5*b + f*n + 122 = 6*n. What is the remainder when b is divided by 9?
6
Suppose 0*a - 15 = -a. Calculate the remainder when 57 is divided by a.
12
Suppose 5*j - 45 = -5*i - 0, j = 3. Calculate the remainder when 16 is divided by i.
4
Let t be 0/(-2 - 0 - 0). Suppose t = -4*k + 14 + 126. Calculate the remainder when k is divided by 9.
8
Calculate the remainder when 44 is divided by (-46)/(-3) + (-6)/18.
14
What is the remainder when 70 is divided by 1 - 1 - (-18)/(4 - 3)?
16
Let y = 283 + -166. What is the remainder when y is divided by 20?
17
Let z = -6 - -30. Suppose 0 = -d + 3*d - 4*h - 194, d - 87 = -3*h. Calculate the remainder when d is divided by z.
21
Suppose -2*m + 3*v = -4, 3*m + 1 = -5*v + 7. Let d = -5 + 7. Calculate the remainder when d is divided by m.
0
What is the remainder when -2 + 0 - (7 - 116) is divided by 27?
26
Let x(f) = f**2 + 2*f - 3. Let m be x(-3). Suppose m = -0*h - 3*h, -2*h = 4*k - 92. Suppose -15*n - 60 = -20*n. What is the remainder when k is divided by n?
11
Let b be (-2)/5 + (-22)/(-5). Suppose 3*n = b*n. Suppose 2*w - 5*p - 31 = -6, n = 4*w - 2*p - 42. Calculate the remainder when w is divided by 6.
4
Let q = -22 - -27. Calculate the remainder when 18 is divided by q.
3
Suppose 2*d - x + 6 = 30, -5*x + 20 = 4*d. Calculate the remainder when 27 is divided by d.
7
Let t be (4/(-10))/(1/(-10)). Suppose t*h = -h + 15. Suppose 3*u + h*j = 36, -u + 8 = u - 2*j. Calculate the remainder when 15 is divided by u.
7
Calculate the remainder when (26 + 3)*(0 + 1) is divided by 11.
7
Let n be 6 + 3*(-4)/6. Suppose -18 = -n*l + l. Suppose r = 4*j + l + 16, -r + 22 = -j. What is the remainder when r is divided by 12?
10
Let a(t) = -t + 8. Let i be a(6). Suppose -8 = -2*r - i*r. Calculate the remainder when 6 is divided by r.
0
Suppose 0 = -2*u - 14 + 4, 4*w + 5*u = 31. Let t be (-1683)/77 - 1/7. Let o = 30 + t. What is the remainder when w is divided by o?
6
Let c be -6 - (-2)/4*6. Calculate the remainder when c/9 + (-152)/(-6) is divided by 13.
12
Suppose -4*r = 0, 3*u - 14 - 10 = 5*r. What is the remainder when 15 + (-1 - -1)/1 is divided by u?
7
Suppose -14 + 39 = -q. Let u = q + 37. Let x = 8 + 27. Calculate the remainder when x is divided by u.
11
Let m(j) be the third derivative of -j**6/120 - 7*j**5/60 - j**4/4 + j**3 - 4*j**2. What is the remainder when 21 is divided by m(-6)?
3
Suppose -2*r + 20 = 2*g, 3*g - 27 = -0*r - 4*r. What is the remainder when 2*(-4 + 165/10) is divided by g?
12
Let k be 2/5 + (-26)/(-10). Let q(i) = i**3 - i**2 - 4*i + 3. Calculate the remainder when 26 is divided by q(k).
8
Let a(b) = b**3 + 15*b**2 + 12*b + 2. Calculate the remainder when a(-14) is divided by 8.
6
Let r(g) be the first derivative of g**4/4 + 4*g**3/3 - g**2 - g + 10. What is the remainder when 41 is divided by r(-3)?
13
Suppose 127 = 5*r + 17. Calculate the remainder when r is divided by 6.
4
Suppose -2*t - 2 = -t. Let q be (1 + t/3)*-3. What is the remainder when 38 is divided by (q - -2)*13 - 0?
12
Let n(k) = k**2 + k + 2. Let g be n(-3). Let a be (-45)/(-20) - 2/g. Let m = a + -1. Calculate the remainder when m is divided by 1.
0
Let j be (-8)/5 - 2/5. Let p = j - -5. Suppose 3*c + 0*f - 54 = 3*f, p*c - 42 = -3*f. Calculate the remainder when 30 is divided by c.
14
Let p(t) = -t + 4. Let g = 2 - 14. Let x(i) = i + 5. Let f be x(g). Calculate the remainder when 32 is divided by p(f).
10
Let o = 61 - 6. Calculate the remainder when o is divided by 29.
26
Let s(a) be the first derivative of -2 + 0*a - 1/3*a**3 - 2*a**2. Calculate the remainder when 14 is divided by s(-2).
2
Suppose -32 = -3*a - 4*c, 5*a - 3*c + 5*c - 30 = 0. Suppose j + a*j - 380 = 0. Calculate the remainder when j is divided by 20.
16
Let g = -34 - -74. Calculate the remainder when g is divided by (-6)/(-9)*63/3.
12
Let z = -5 + 9. Suppose 0 = -k + 4*k - z*n - 64, -3*k + 3*n + 60 = 0. Let l(f) = -f + 1. Calculate the remainder when k is divided by l(-5).
4
Let c = 12 - 6. Suppose c*s + 3*w - 63 = s, -2*s = w - 26. Suppose 7*g = -4*d + 4*g + 120, -g = -4. What is the remainder when d is divided by s?
12
Let y(k) = 0 + 4*k + 0 - 2*k - 2*k**3 - 1 - k**2. Calculate the remainder when 27 is divided by y(-2).
6
Let w(r) = -r**2 + 8*r - 3. Calculate the remainder when 17 is divided by w(6).
8
Suppose -5*m - 2*a + 22 = -5*a, 2*a = 4*m - 16. What is the remainder when m is divided by (4 - 2)/((-2)/(-1))?
0
Let i(o) = -o**2 + 30*o - 187. Suppose -4*c = -5*j - 6, 4*j + 8*c = 5*c + 20. What is the remainder when i(19) is divided by j/(-1) - (-14)/1?
10
Let q = 0 + 52. Calculate the remainder when q is divided by 14.
10
Let h(x) = -x**2 + 15*x - 10. What is the remainder when h(10) is divided by 15?
10
Let d(a) = 31*a + 4. Let x be d(3). Suppose -2*b + 5*u = -x, 6*b - 2*b = 3*u + 173. Let c = b - 25. What is the remainder when c is divided by 9?
7
Suppose -15